{"id":37,"date":"2013-09-14T16:51:44","date_gmt":"2013-09-14T16:51:44","guid":{"rendered":"https:\/\/osteops.es\/wpok\/?page_id=37"},"modified":"2023-01-06T16:29:54","modified_gmt":"2023-01-06T16:29:54","slug":"precios","status":"publish","type":"page","link":"https:\/\/osteops.es\/wpok\/?page_id=37","title":{"rendered":"Horario y Precios"},"content":{"rendered":"<h2 style=\"text-align: center;\"><span style=\"color: #000000;\"><strong>HORARIO <\/strong><\/span><span style=\"color: #000000;\"><strong>(con cita previa)<\/strong><\/span><\/h2>\n<h3 style=\"text-align: center;\"><span style=\"color: #000000;\">\u00a0Lunes a Viernes\u00a0<\/span><\/h3>\n<p style=\"text-align: center;\"><strong>10,00 a 14,00 y 17,00 a 21,00\u00a0<\/strong><\/p>\n<p style=\"text-align: center;\">\n<h2><\/h2>\n<h2 style=\"text-align: center;\"><span style=\"color: #000000;\"><strong>Precio sesiones<\/strong><\/span><\/h2>\n<p>&nbsp;<\/p>\n<p><span style=\"color: #000000;\"><strong><u>-Valoraci\u00f3n Osteop\u00e1tica 30 min\u00a0 \u00a0 \u00a0 \u00a0 \u00a0 \u00a0 \u00a0 \u00a0 \u00a0 \u00a0 \u00a0 \u00a0 \u00a0 \u00a0 \u00a0 \u00a0 \u00a0 \u00a0 \u00a0 \u00a0 \u00a0 \u00a0 \u00a0 \u00a015\u20ac (GRATUITA en sesi\u00f3n de Osteopat\u00eda)<\/u><\/strong><\/span><\/p>\n<p><span style=\"color: #000000;\"><strong><u>-Osteopat\u00eda\u00a0 \u00a0 60 min (incluye valoraci\u00f3n gratuita)\u00a0 \u00a0 \u00a0 \u00a0 \u00a040\u20ac<\/u><\/strong><\/span><\/p>\n<p><span style=\"color: #000000;\"><strong><u>-Bono Osteopat\u00eda\u00a0 \u00a04 sesiones\u00a0 \u00a0 \u00a0 \u00a0 \u00a0 \u00a0 \u00a0 \u00a0 \u00a0 \u00a0 \u00a0 \u00a0 \u00a0 \u00a0 \u00a0 \u00a0 \u00a0 \u00a0 \u00a0 \u00a0 \u00a0 \u00a0 \u00a0 \u00a0 \u00a0 140\u20ac<\/u><\/strong><\/span><\/p>\n<p>&nbsp;<\/p>\n<p><span style=\"color: #000000;\"><strong><u>-Masaje Relajante \/ Descarga muscular\u00a0 \u00a0<\/u><\/strong><\/span><\/p>\n<p><span style=\"color: #000000;\">30 min\u00a0 \u00a0 \u00a0 \u00a0 \u00a0 \u00a0 \u00a0 \u00a0 \u00a0 \u00a0 \u00a0 \u00a0 \u00a0 \u00a0 \u00a0 \u00a0 \u00a0 \u00a0 \u00a0 \u00a0 \u00a0 \u00a0 \u00a0 \u00a0 \u00a0 \u00a0 \u00a0 \u00a0 \u00a0 \u00a0 \u00a0 \u00a0 \u00a0 \u00a0 <strong>25\u20ac<\/strong>\u00a0<\/span><\/p>\n<p><span style=\"color: #000000;\">60 min\u00a0 \u00a0 \u00a0 \u00a0 \u00a0 \u00a0 \u00a0 \u00a0 \u00a0 \u00a0 \u00a0 \u00a0 \u00a0 \u00a0 \u00a0 \u00a0 \u00a0 \u00a0 \u00a0 \u00a0 \u00a0 \u00a0 \u00a0 \u00a0 \u00a0 \u00a0 \u00a0 \u00a0 \u00a0 \u00a0 \u00a0 \u00a0 \u00a0 <strong>\u00a035\u20ac\u00a0 (Bono x4\u00a0 \u00a0 120\u20ac)<\/strong><\/span><\/p>\n<p>(+5\u20ac cada 15 min extra)<\/p>\n<p>&nbsp;<\/p>\n<p><span style=\"color: #000000;\"><strong><u>-Abyhanga\u00a0 de Aceite Templado\u00a0 60 min\u00a0 \u00a0 \u00a0 \u00a0 45\u20ac <\/u><\/strong><u>(+5\u20ac cada 15 min extra)<\/u><\/span><\/p>\n<p>&nbsp;<\/p>\n<p><span style=\"color: #000000;\"><strong><u>-Masaje Tradicional Tailand\u00e9s\u00a0 60min\u00a0 \u00a0 \u00a0 \u00a0 \u00a0 \u00a0 45\u20ac <\/u><\/strong><u>(+5\u20ac cada 15 min extra)<\/u><\/span><\/p>\n<p>&nbsp;<\/p>\n<p><strong><span style=\"color: #000000;\"><u>-Bono 2 Masajes Abhyanga\/Trad. Tailand\u00e9s<\/u><\/span><\/strong><\/p>\n<p>60 min\u00a0 \u00a0 \u00a0 \u00a0 \u00a0 \u00a0 \u00a0 \u00a0 \u00a0 \u00a0 \u00a0 \u00a0 \u00a0 \u00a0 \u00a0 \u00a0 \u00a0 \u00a0 \u00a0 \u00a0 \u00a0 \u00a0 \u00a0 \u00a0 \u00a0 \u00a0 \u00a0 \u00a0 \u00a0 \u00a0 \u00a0 \u00a0 \u00a0 80\u20ac<\/p>\n<p>75 min\u00a0 \u00a0 \u00a0 \u00a0 \u00a0 \u00a0 \u00a0 \u00a0 \u00a0 \u00a0 \u00a0 \u00a0 \u00a0 \u00a0 \u00a0 \u00a0 \u00a0 \u00a0 \u00a0 \u00a0 \u00a0 \u00a0 \u00a0 \u00a0 \u00a0 \u00a0 \u00a0 \u00a0 \u00a0 \u00a0 \u00a0 \u00a0 \u00a0 \u00a090\u20ac<\/p>\n<p>90 min\u00a0 \u00a0 \u00a0 \u00a0 \u00a0 \u00a0 \u00a0 \u00a0 \u00a0 \u00a0 \u00a0 \u00a0 \u00a0 \u00a0 \u00a0 \u00a0 \u00a0 \u00a0 \u00a0 \u00a0 \u00a0 \u00a0 \u00a0 \u00a0 \u00a0 \u00a0 \u00a0 \u00a0 \u00a0 \u00a0 \u00a0 \u00a0 100\u20ac<\/p>\n<p>&nbsp;<\/p>\n<p><span style=\"color: #000000;\"><strong><u>-Bono Mix de T\u00e9cnicas\u00a0 \u00a075min\u00a0 \u00a0 \u00a0 \u00a0 \u00a0 \u00a0 \u00a0 \u00a0 \u00a0 \u00a0 \u00a0 \u00a0 \u00a0 150\u20ac<\/u><\/strong><\/span><\/p>\n<p>1x Masaje relajante\/descarga<\/p>\n<p>1x Osteopat\u00eda<\/p>\n<p>1x Tradicional Tailand\u00e9s<\/p>\n<p>1x Abhyanga<\/p>\n<p>&nbsp;<\/p>\n<p><span style=\"color: #000000;\"><strong><u>-Clase Privada Yoga\/Pranayama\/Meditaci\u00f3n\u00a0 60min\u00a0 \u00a0 \u00a0 \u00a0 \u00a0 \u00a0 \u00a0 \u00a0 \u00a0 \u00a0 \u00a0 \u00a0 \u00a0 30\u20ac<\/u><\/strong><\/span><\/p>\n<p><span style=\"color: #000000;\"><strong><u>-Bono 4 clases\u00a0 \u00a0 \u00a0 \u00a0 \u00a0 \u00a0 \u00a0 \u00a0 \u00a0 \u00a0 \u00a0 \u00a0 \u00a0 \u00a0 \u00a0 \u00a0 \u00a0 \u00a0 \u00a0 \u00a0 \u00a0 \u00a0 \u00a0 \u00a0 \u00a0 \u00a0 \u00a0 \u00a0 \u00a0 \u00a0 \u00a0 \u00a060min\u00a0 \u00a0 \u00a0 \u00a0 \u00a0 \u00a0 \u00a0 \u00a0 \u00a0 \u00a0 \u00a0 \u00a0 \u00a0 100\u20ac<\/u><\/strong><\/span><\/p>\n<p>&nbsp;<\/p>\n<p>&nbsp;<\/p>\n<p>&nbsp;<\/p>\n<p><span style=\"color: #000000;\"><em><strong>SOLICITA -5\u20ac de DESCUENTO a universitarios, parados y jubilados (v\u00e1lido s\u00f3lo para Osteopat\u00eda) <\/strong><\/em><\/span><span style=\"color: #000000;\"><em><strong>presentando documento\/s acreditativo\/s.<\/strong><\/em><\/span><\/p>\n<p>&nbsp;<\/p>\n<p>La validez de los bonos se reduce a dos meses desde su adquisici\u00f3n y es no-nominal, con lo que puede compartirse entre varias personas.<\/p>\n<p>&nbsp;<\/p>\n<p>&nbsp;<\/p>\n<p>&nbsp;<\/p>\n","protected":false},"excerpt":{"rendered":"<p>HORARIO (con cita previa) \u00a0Lunes a Viernes\u00a0 10,00 a 14,00 y 17,00 a 21,00\u00a0 Precio sesiones &nbsp; -Valoraci\u00f3n Osteop\u00e1tica 30 min\u00a0 \u00a0 \u00a0 \u00a0 \u00a0 \u00a0 \u00a0 \u00a0 \u00a0 \u00a0 \u00a0 \u00a0 \u00a0 \u00a0 \u00a0 \u00a0 \u00a0 \u00a0 \u00a0 \u00a0 \u00a0 \u00a0 \u00a0 \u00a015\u20ac (GRATUITA en sesi\u00f3n de Osteopat\u00eda) -Osteopat\u00eda\u00a0 \u00a0 60 min (incluye valoraci\u00f3n &hellip; <\/p>\n<p class=\"link-more\"><a href=\"https:\/\/osteops.es\/wpok\/?page_id=37\" class=\"more-link\">Read more<span class=\"screen-reader-text\"> &#8220;Horario y Precios&#8221;<\/span><\/a><\/p>\n","protected":false},"author":2,"featured_media":0,"parent":0,"menu_order":6,"comment_status":"open","ping_status":"open","template":"","meta":{"_joinchat":[],"footnotes":""},"class_list":["post-37","page","type-page","status-publish","hentry"],"_links":{"self":[{"href":"https:\/\/osteops.es\/wpok\/index.php?rest_route=\/wp\/v2\/pages\/37","targetHints":{"allow":["GET"]}}],"collection":[{"href":"https:\/\/osteops.es\/wpok\/index.php?rest_route=\/wp\/v2\/pages"}],"about":[{"href":"https:\/\/osteops.es\/wpok\/index.php?rest_route=\/wp\/v2\/types\/page"}],"author":[{"embeddable":true,"href":"https:\/\/osteops.es\/wpok\/index.php?rest_route=\/wp\/v2\/users\/2"}],"replies":[{"embeddable":true,"href":"https:\/\/osteops.es\/wpok\/index.php?rest_route=%2Fwp%2Fv2%2Fcomments&post=37"}],"version-history":[{"count":0,"href":"https:\/\/osteops.es\/wpok\/index.php?rest_route=\/wp\/v2\/pages\/37\/revisions"}],"wp:attachment":[{"href":"https:\/\/osteops.es\/wpok\/index.php?rest_route=%2Fwp%2Fv2%2Fmedia&parent=37"}],"curies":[{"name":"wp","href":"https:\/\/api.w.org\/{rel}","templated":true}]}}